= 0. Let b be h(z). What is the greatest common divisor of 36 and b?
12
Let a(z) = z**2 + z + 263. Let l be a(0). Suppose 5*n - k - l = -63, -5*n - 3*k = -200. What is the highest common factor of n and 16?
8
Suppose p - 3*p = 4*r + 24, 2*r - 2*p + 6 = 0. Let y be (10/4)/(r/(-20)). Calculate the highest common divisor of 70 and y.
10
Suppose -2*y + 140 + 27 = 5*b, -4*b = -5*y - 127. Let s = -3 + b. Calculate the greatest common factor of s and 15.
15
Let c(b) = -b**2 + b + 2*b + 2 + 0*b. Let n be c(3). Suppose 35 + 29 = n*x. Calculate the greatest common factor of x and 4.
4
Let p = -2 + 6. Suppose 0*v + 2*v + 2*h - 16 = 0, p*h = -v + 14. Calculate the highest common divisor of v and 12.
6
Let l = -5 + 17. Suppose 0 = 7*p - 5*p - 192. What is the greatest common divisor of l and p?
12
Suppose 3*o = -0*o - 15, -3*t + 271 = -2*o. Let k = 199 - t. Calculate the greatest common factor of 14 and k.
14
Suppose 11*n = 9*n + 8. Suppose -4 = -2*m - 2*z, -2*m + z = -z. Calculate the highest common divisor of n and m.
1
Let t = -14 - -16. Suppose -294 = -4*d + 3*n, -3*d - 3*n + t*n = -214. Calculate the greatest common divisor of d and 18.
18
Let d(y) = y**2 + 50. Let t be d(-7). Calculate the greatest common factor of 11 and t.
11
Let f(q) = -3 - q - 5*q + 4 + 4*q + 7*q**2. Let a be f(2). Calculate the highest common factor of a and 5.
5
Suppose 5*f - 135 = g, -f + 2*g + 8 = -10. Let t(z) = 2*z**3 - 5*z**2 + 5*z + 2. Let j be t(4). What is the highest common factor of f and j?
14
Suppose 2*a - 4*a = -14. Calculate the greatest common factor of a and 49.
7
Suppose 0 = 2*j - 5 - 3. Suppose -3*w - 4*f = -64, -f = 2*w + j*f - 38. What is the greatest common divisor of w and 8?
8
Let h = 34 + -15. Calculate the highest common divisor of 57 and h.
19
Suppose 4*v = 3*n + 17, n - 45 = -v - 4*v. What is the highest common divisor of 2 and v?
2
Let n(w) = w**2 + 6*w + 2. Let i be n(-8). Calculate the greatest common factor of 6 and i.
6
Let m = -37 + 58. Let a = m - 11. Calculate the greatest common divisor of a and 40.
10
Let t = -92 + 104. What is the highest common divisor of 36 and t?
12
Let x(j) = -2*j - 8. Let m(t) = 1. Let u(p) = 2*m(p) + x(p). Let r be u(-7). Calculate the highest common divisor of r and 24.
8
Suppose 95 = 9*h - 4*h. Calculate the greatest common divisor of h and 57.
19
Let k be (-12)/(-18) - (-930)/9. Suppose 8 = 4*z, -3*g + g - 5*z + 36 = 0. Calculate the highest common factor of k and g.
13
Let p be 1*2/(-6)*-9. Suppose -p*t - 2*z = -10 - 5, z = 0. Suppose t*q = -0*q + 40. What is the greatest common factor of 1 and q?
1
Suppose 4 = 3*r - 2. Let z(s) be the third derivative of s**5/60 - 5*s**4/24 - 4*s**3/3 - 3*s**2. Let t be z(7). What is the greatest common factor of t and r?
2
Suppose 2*q - 24 = -2*a, -5 = -a + 5*q + 1. Suppose 32 = y - 45. Calculate the greatest common divisor of a and y.
11
Suppose 29*z - 23*z = 690. What is the highest common divisor of z and 23?
23
Let o(h) = 2*h**3 - 2*h**2 - 2*h. Let y(l) = 6 + 0*l + l + 0*l. Let q be y(-4). Let z be o(q). Calculate the greatest common factor of z and 16.
4
Let g(t) = t + 53. Let u be g(-11). What is the greatest common divisor of 14 and u?
14
Let c(z) = 19*z**2 + 4. Let i be c(-4). Suppose 0 = 3*g - u - 123, -5*g - 2*u = 114 - i. What is the highest common divisor of g and 16?
8
Let g be -1 + 2/(2/37). Let i be 15/(-9)*(-1 - 2). Let d(u) = u**3 - 3*u**2 + 2*u - 6. Let n be d(i). Calculate the greatest common divisor of g and n.
18
Suppose 0*x = 2*x - 8. Let z = -9 - -16. Let p be (-2)/z - 90/(-21). Calculate the greatest common factor of p and x.
4
Let b(l) = -l**2 + 6*l + 2. Let s be b(3). Let h = s - -11. Let u be 4/h - (-432)/44. Calculate the greatest common factor of 110 and u.
10
Suppose 1262 = s - 238. Let c = 46 + -88. Let t be (-2)/(-7) - s/c. What is the greatest common divisor of 4 and t?
4
Let g(k) = k**3 + 5*k**2 - 2*k - 5. Let q be g(-6). Let f be (q - 3)/((-2)/4). What is the highest common factor of f and 8?
8
Let i(b) = b**3 + 11*b**2 - 19*b - 28. Let d be i(-12). What is the highest common factor of 140 and d?
28
Let x(p) = -p**2 - 7*p + 8. Let k be x(-7). Calculate the highest common factor of k and 16.
8
Let i be 0 + 6/3 - 0. Suppose 0 = 3*b + 3*k - 8*k - 23, -3*b = i*k - 16. Let z(o) = 3*o**3 - o**2. Let g be z(1). What is the highest common factor of b and g?
2
Let u = 44 + -14. Suppose 15 = -3*h, -4*c - 4*h + 20 = -2*c. Calculate the highest common factor of u and c.
10
Suppose -5*g + 26 = -24. Let n be 4/(-10)*(5 - g). What is the highest common factor of n and 14?
2
Let j = 735 + -515. Let d be (-18)/(6 - 3) + 26. Calculate the greatest common divisor of j and d.
20
Let y = 17 + 1. Suppose -12 = 4*n - 5*n. What is the greatest common divisor of y and n?
6
Let k be (-5 - -1)*2/(-4). Let w be (12 + 2)*k/2. Suppose -3*s - 156 = -2*y - y, 0 = 4*y + 2*s - 232. What is the highest common factor of y and w?
14
Suppose -5*f - 5*v = -40, -f + 2*v = -5*f + 28. Let l = -21 - -7. Let p = l - -23. Calculate the highest common factor of f and p.
3
Let y be (21/(-6) + 3)*-80. What is the greatest common divisor of 16 and y?
8
Let o(z) = -15*z. Let u = 3 - 5. Let s be o(u). Calculate the highest common divisor of s and 75.
15
Let k = 4 + -4. Let m be ((-6)/(k + -1))/2. Suppose 40 - 13 = 2*c + 3*a, 5*c - 48 = -a. Calculate the highest common divisor of c and m.
3
Suppose 0 = 3*h + 2*c - 7, 3*h + 0 = 3*c - 3. What is the greatest common factor of 1 and h?
1
Suppose 0 = -5*x + 82 - 292. Let t be x/4*(-10)/15. Suppose 0 = -3*m + t*m - 140. What is the greatest common factor of 5 and m?
5
Suppose 4*b + 60 = 4*s, 3*s = -2*b + 4 + 26. Calculate the highest common divisor of 132 and s.
12
Let x = 25 + -14. Suppose -5*h + 45 = -0*s - 5*s, -2*h + 33 = -5*s. Let c be 2/h + 612/8. What is the greatest common divisor of x and c?
11
Let p be (-4)/((-12)/15) + 3. Calculate the highest common divisor of p and 8.
8
Let g = -6 - -2. Let n be (-55)/5*1*g. Calculate the highest common divisor of n and 11.
11
Let u(n) = n**2 - 8*n + 2. Let x be u(9). Calculate the highest common divisor of 1 and x.
1
Let i(j) = j**3 + 4*j**2 + 3*j + 2. Let r be i(-2). Suppose 4*x - 159 = -a - r*a, 2*x + 8 = 0. Calculate the highest common factor of a and 14.
7
Suppose 3*y - 21 = 3. Let k be 1/(-1) - (0 - y). Suppose -3*u - 384 = -k*u. Calculate the greatest common factor of 12 and u.
12
Suppose -5*a - 588 = -2*a. Let b = a + 277. Calculate the highest common factor of 9 and b.
9
Let c(v) = 5*v**2 - 3*v + 6. Let q be c(2). What is the greatest common factor of 140 and q?
20
Let c = 47 + 83. Suppose 4*t = -t + c. What is the highest common factor of t and 182?
26
Let f be 9 - (16/2)/4. Suppose 4*g - 53 - 31 = 0. What is the highest common divisor of f and g?
7
Suppose -k + 2 = -0*k. Suppose -k*g - 18 = -4*i, 0 = 5*i + 3*g - 25 - 3. What is the greatest common factor of 10 and i?
5
Let d(y) = 7*y**2 + 4*y - 1. Let l be (-2)/3 - 65/15. Let f be d(l). Let h(o) = -5*o - 1. Let j be h(-3). What is the greatest common divisor of f and j?
14
Let q be ((1*-28)/2)/2. Let s be 2/7 + (-103)/q. What is the greatest common factor of s and 3?
3
Suppose -17*c - 24 = -20*c. Suppose 4*p - 4*v + 6 = -6, -3*v = -5*p - 7. Let o = p - -1. Calculate the highest common divisor of c and o.
2
Suppose -4*u = v - 9, -7*v + 3*v - 2*u - 6 = 0. Let j be (-1 - -18) + (-5 - v). Let l = 234 - 69. What is the greatest common divisor of l and j?
15
Let t be 0 - -2 - 1 - 1. Suppose 5*y - 3*y - 2 = t. Let d = y + 3. Calculate the highest common factor of d and 4.
4
Let j(g) = -10*g + 1. Let x be 4/(-6) - 8/24. Let s be j(x). What is the greatest common factor of 121 and s?
11
Let t be (3 - 3) + -1 - -38. Suppose -b = h + 19, -3*h - h - 72 = 2*b. Let s = h + t. What is the greatest common factor of 8 and s?
4
Let s(q) = -3*q - 2. Let y(v) = -2*v + 7. Let l be y(7). Let u be s(l). Calculate the greatest common divisor of 76 and u.
19
Let d = -4 + 10. Let x be ((-10)/d)/(2/(-24)). Calculate the greatest common divisor of 120 and x.
20
Let v = 129 - 87. Calculate the highest common factor of 3 and v.
3
Suppose 2 = -2*k + 8. Suppose q - 2*q + k = 0. Suppose 1 = 2*p - 53. Calculate the greatest common divisor of p and q.
3
Let n(j) = j**2 + 8*